ite number?
True
Suppose 542*x - 519*x = 1632655. Is x prime?
False
Let h(k) = 15*k - 25. Let s be h(2). Suppose 0 = -4*a - 3*o + 13739, -s*a + 2*o + 2*o = -17197. Is a composite?
True
Let z(h) = 19*h + 2250. Is z(47) prime?
False
Suppose -205 = -3*z - 199. Suppose -5*n - 895 = 5*j, -2*j - z*j = -n + 716. Let c = 766 + j. Is c prime?
True
Suppose x - 121559 = -5*b, 22*x - 27*x + 2*b = -607795. Is x a prime number?
True
Let j(l) = 28*l**2 - 2*l + 2. Let x be j(-7). Let o = x + -801. Is o a prime number?
True
Let q = 14521 + -1832. Is q a prime number?
True
Let p(u) = u**3 + 14*u**2 + 7. Let g be p(-14). Is 2/g + (-218084)/(-28) composite?
False
Suppose 0 = -2*s + 2*o + 25310, -5*s + 2*o = -63468 + 181. Is s prime?
True
Suppose 0 = 8*k - 33619 - 146261. Is (k/(-90))/((-2)/12) a composite number?
False
Let v(c) = -1648*c - 1301. Is v(-16) composite?
True
Let f(v) = 569*v - 38. Suppose 2*i + s - 9 = 0, -9 = -i - 4*s + 6. Is f(i) composite?
False
Let p = -293921 - -694600. Is p a composite number?
False
Let o(r) = 136*r - 1. Suppose 4*l + 0*l + 172 = 0. Let a be (-4)/(-10) + (l/(-5) - 1). Is o(a) a composite number?
False
Let g = 487 - 1914. Let d = g - -3818. Is d a composite number?
True
Let p = -112076 - -190879. Is p a composite number?
False
Let t(a) be the first derivative of -1439*a**5/120 + 2*a**3 + 11. Let u(x) be the third derivative of t(x). Is u(-1) composite?
False
Let s(u) = 2*u**2 - 96*u - 208. Let v(a) = -32*a - 69. Let d(i) = 2*s(i) - 7*v(i). Is d(21) composite?
False
Suppose -2*w + 493529 = 1763*y - 1760*y, w - 246754 = -5*y. Is w composite?
False
Suppose 32145*w = 32162*w - 299183. Is w a composite number?
False
Suppose -4*g - 303 - 673 = -2*i, 3*i = 5*g + 1463. Suppose -4*f - 66 = -4*h - i, 0 = 2*f + 4*h - 216. Is f a composite number?
True
Suppose -2*t + 1951 = -3*t - 3*x, -2*t - 2*x - 3882 = 0. Let o = -1047 - t. Is o prime?
False
Let y(a) = 3 - 4*a + 1 + 3*a + 0*a. Let f be y(4). Suppose -x - 294 = 4*k - 1140, f = -x + 2. Is k prime?
True
Let x = -288 - -293. Suppose 0 = 13*h - 9*h + 4*y - 17192, -2*h - x*y + 8581 = 0. Is h composite?
True
Suppose -10*a + 36 = -6*a + 3*q, 2*a = q + 28. Suppose 0*c = 5*c - 1270. Suppose -2*l = -2*r - c, 2*r + a = 5*r. Is l composite?
False
Suppose f + 0*f - 17 = c, 0 = -2*c - 2*f - 14. Let r be -3*((-20)/c + -2). Suppose 0 = -s - r, 5*s = -2*a - 81 + 1250. Is a a prime number?
True
Suppose -46160284 = -308*k + 95*k - 119*k. Is k a composite number?
True
Suppose 5*f + 5*a + 61980 = 0, 5*a - 62000 = 6*f - f. Let u = 31185 + f. Is u prime?
True
Suppose -a + 28 = 3*g - 3*a, -3*g + 13 = a. Let n = 1 - -3. Is n/((4/145)/(g/15)) prime?
False
Let n(z) = -20370*z - 8131. Is n(-23) prime?
True
Let p be -13 - 3/3*-1. Let q(r) = r**2 + 38*r + 167. Let k be q(-33). Is k/p - -13334*(-6)/(-72) composite?
True
Suppose 4*i - 5*d - 844922 - 2965426 = 0, 3*i - 2857775 = 2*d. Is i prime?
True
Let t(s) = 8*s**3 - s**2 - 10*s + 49. Is t(17) composite?
True
Suppose 118*h - 873315 = -17*h. Is h composite?
False
Suppose -2272 = -3*v - 2*y, -y = -3*v + 2058 + 217. Let b = v + 7989. Is b composite?
False
Let f(j) = 3*j**2 + 5*j - 6. Let y(d) = 13*d**2 + 21*d - 23. Let s(p) = 9*f(p) - 2*y(p). Let b be s(-4). Is (-5990)/b + (-3)/(-2) a composite number?
False
Let y(i) = i**2 - 19*i + 9. Let b(d) = -d**2 + 19*d - 10. Let w(h) = 5*b(h) + 6*y(h). Let q be w(18). Let j(s) = -s**3 - 11*s**2 + 15*s + 31. Is j(q) prime?
True
Let w = -207587 - -348304. Is w a prime number?
True
Let i(q) = 1194*q - 5115. Is i(61) a prime number?
False
Is (156/(-13))/48*(-207762 - 2) composite?
False
Let n(d) = d**3 + 59*d**2 + 437*d + 87. Is n(-44) composite?
True
Let a be (-4)/(70/(-15) - -4). Let f(o) = 57*o**3 - 9*o**2 + 25*o + 5. Is f(a) a composite number?
False
Suppose 69*z = -10*z - 48*z + 1034669. Is z prime?
True
Let k = 174 - -331. Let x = 1902 - k. Is x a composite number?
True
Let a(p) = 3*p**2 + 59*p - 1885. Is a(51) a prime number?
False
Let l = 53780 - 21058. Is l composite?
True
Let p = -10655 + 170038. Is p prime?
False
Let d = -2868 + 33302. Is d a prime number?
False
Suppose 0 = -5*i - 4*i + 63. Let g(q) = 220*q + 0*q - i + 8. Is g(1) composite?
True
Let t = 101 - 60. Suppose t*s - 37*s = 5020. Is s a composite number?
True
Let i(k) = k**2 - k + 1. Let v be i(-1). Suppose v*y = 7*y - 36588. Is y prime?
False
Suppose 6*k - 4*l = 3*k - 25, 0 = -2*k + 4*l - 10. Let o(y) = 3*y**2 - 2*y - 32. Is o(k) composite?
False
Is 606/404*(-1 - 539642/(-6)) a prime number?
True
Is (-2 - -579876)*((-6)/(-2) - 50/20) composite?
False
Is 9/144 + 166824270/288 a composite number?
False
Let l be (-28)/2*(-36)/72. Is l/(-84)*52023*(-2 - 2) prime?
True
Suppose 0 = -5*n + 4*f + 552043, -16*n = -11*n + f - 552033. Is n a prime number?
False
Let j(a) = 120*a**2 + 10*a + 13. Let p = -237 - -228. Is j(p) prime?
True
Let h(a) = 26 + 13*a + 122*a**2 + 253*a**2 + 0 + 8. Let v be h(-8). Suppose -13*i + 23*i = v. Is i composite?
False
Is ((-767587)/12)/(29/1740*-5) prime?
True
Suppose -43*a = -49*a + 324. Suppose -11977 = a*g - 61*g. Is g composite?
True
Let t = -29738 - -91099. Is t a composite number?
True
Suppose 0*p + 5*p = 3*c - 220, 5*c - 305 = -4*p. Let z be 6/(-4) - 82/(-4). Let l = c - z. Is l a composite number?
True
Suppose 16*z - 1638856 - 2292273 = -3*i, 0 = 5*z - 4*i - 1228463. Is z composite?
True
Let c = 20 + 856. Let i = 309 - c. Is (-1 - i)/1 + -1 a composite number?
True
Let d(b) = 5*b - 13. Let k be d(5). Is 146650/30 - k/(-18) composite?
False
Suppose -w = 2*w - 4*c + 10, w - c = -2. Suppose -m = -w*j - 995, 5*m + 2*j = 6172 - 1209. Is m a prime number?
False
Let r(z) = z**2 + 8*z + 19. Let w be r(-5). Suppose 5*q = -w*j + 339, -2*j + q + 117 = -70. Is j prime?
False
Suppose 5*i + 455 = 5*h, -i - 4*h - 1 - 115 = 0. Let t = -92 - i. Suppose t*f = f + 45. Is f composite?
True
Let r(m) = -3*m**2 - 30*m + 5. Let d be r(-10). Suppose 6731 = d*z - 13584. Is z a composite number?
True
Suppose 120 = -4*n - 44. Let q = -30 - n. Let d(g) = 20*g**2 + 8*g + 7. Is d(q) a prime number?
False
Let g(y) = 24*y + 8. Let s be g(4). Let b be 16/(68/s - (-5)/(-10)). Let u = 641 + b. Is u prime?
False
Let r = -21 + 23. Let i(g) = g**3 - 3*g**2 + g + 4. Let m be i(r). Suppose 3*h - 588 = -m*a + 2*h, -3*a - 4*h = -887. Is a prime?
True
Is ((31494910/20)/(-61))/((-2)/4) composite?
False
Is ((-8)/(-6) - 6260644/(-78)) + 14/14 composite?
True
Suppose 0 = -26*k + 11373150 - 2437964. Is k prime?
True
Suppose 269501343 = 178*x + 55993369. Is x a prime number?
False
Suppose -20*l + 5889867 = -3600496 - 11852817. Is l composite?
False
Suppose -27*j + 374519 = -26*j - 3*a, 4*j - 3*a - 1498058 = 0. Is j composite?
True
Suppose -3*b - 21 = 3*h, 3*h = -2*b - 3 - 16. Let t be (97*(1 - 2))/(-1). Is (-2 - b) + 0 + t a prime number?
True
Let q = -2587 + 4525. Let d = 4965 - q. Let p = d + -208. Is p a prime number?
True
Suppose 1 = -d - 3*w, 4*d + 4*w - 4 + 0 = 0. Suppose 4*g + g - d*i - 11083 = 0, 5*g + 5*i - 11055 = 0. Suppose 299 = -4*n + g. Is n a prime number?
True
Let m = -80 + 83. Suppose 4*p = -3*o - 9, m*o = -2*p - 0*o - 9. Suppose -3*v + 820 + 524 = -3*a, -3*a - 9 = p. Is v a composite number?
True
Suppose -2*c - 1177 = 3*n, 4*c - 806 = -0*n + 2*n. Suppose -j = -4*w + 3*j, -2 = -4*w + 5*j. Is (w + 1)/(5/n) a composite number?
False
Let i = 1393804 + -774501. Is i composite?
False
Let f = -384850 + 593187. Is f a prime number?
True
Suppose -2*r = w - 102067, 0 = -4*r + 5*w + 135245 + 68882. Is r a prime number?
False
Let r(b) = 12294*b + 2119. Is r(18) composite?
True
Let o be (611856 - 6)/((-2)/(-3)). Suppose -o = 7*v + 22486. Is 4/(-14) + v/(-49) + 2 a prime number?
False
Let d be 40*73/4*2. Suppose 3*j = 4*q - 873, 4*j + j + d = 5*q. Let t = 482 + j. Is t prime?
False
Let o(h) = 17122*h + 1229. Is o(17) composite?
True
Suppose 18*v - 12*v - 36 = 0. Is 616 - (7 + 1 - v) composite?
True
Let v(h) = -662*h + 230. Let b(u) = -1326*u + 459. Let p(n) = 3*b(n) - 7*v(n). Is p(24) a composite number?
False
Suppose -13*x + 15*x = 29646. Suppose 5*s + 2*q = 6717 + x, 4*q = -4*s + 17220. Suppose 5*g = 3*g + s. Is g a composite number?
True
Let p(x) = x + 8. Let y be p(-6). Let w be 7/1*56/49. Suppose -y*h - 2238 = -w*h. Is h prime?
True
Let x be (314/(-12) - (-3)/18)/(-2). Le